{"id":177,"date":"2026-03-02T20:44:14","date_gmt":"2026-03-02T19:44:14","guid":{"rendered":"https:\/\/www.zspisarov.cz\/?page_id=177"},"modified":"2026-03-04T21:50:44","modified_gmt":"2026-03-04T20:50:44","slug":"zakladni-skola","status":"publish","type":"page","link":"https:\/\/www.zspisarov.cz\/?page_id=177","title":{"rendered":"Z\u00e1kladn\u00ed \u0161kola"},"content":{"rendered":"\n<p>Na\u0161e \u0161kola je m\u00e1lot\u0159\u00eddn\u00ed z\u00e1kladn\u00ed \u0161kola poskytuj\u00edc\u00ed vzd\u011bl\u00e1v\u00e1n\u00ed \u017e\u00e1k\u016fm 1. stupn\u011b, tedy od 1. do 5. ro\u010dn\u00edku. Po\u010dtem \u017e\u00e1k\u016f se \u0159ad\u00ed mezi velmi mal\u00e9 \u0161koly, co\u017e v\u00fdznamn\u011b ovliv\u0148uje organizaci vzd\u011bl\u00e1v\u00e1n\u00ed i celkov\u00e9 klima \u0161koly. Mal\u00fd po\u010det \u017e\u00e1k\u016f vytv\u00e1\u0159\u00ed prost\u0159ed\u00ed bl\u00edzk\u00e9 rodinn\u00e9mu charakteru a umo\u017e\u0148uje individu\u00e1ln\u00ed p\u0159\u00edstup ke ka\u017ed\u00e9mu \u017e\u00e1kovi s ohledem na jeho vzd\u011bl\u00e1vac\u00ed pot\u0159eby, tempo i osobnostn\u00ed rozvoj.<\/p>\n\n\n\n<p>Ve \u0161koln\u00edm roce 2024\/2025 byly z\u0159\u00edzeny t\u0159i t\u0159\u00eddy s p\u011bti ro\u010dn\u00edky (I. t\u0159\u00edda \u2013 1. a 2. ro\u010dn\u00edk, II. t\u0159\u00edda \u2013 3. a 4. ro\u010dn\u00edk, III. t\u0159\u00edda \u2013 5. ro\u010dn\u00edk). Budovy \u0161kol jsou situov\u00e1na v centru obce s dobrou dostupnost\u00ed od autobusov\u00e9 zast\u00e1vky (cca 300 metr\u016f). Doprava autobusem je d\u011btmi vyu\u017e\u00edv\u00e1na jen z\u0159\u00eddka. D\u011bti chod\u00ed do \u0161koly v\u011bt\u0161inou p\u011b\u0161ky nebo jezd\u00ed na kole, doj\u00ed\u017ed\u011bj\u00edc\u00ed \u017e\u00e1ky a d\u011bti (z Bukovice, z Jakubovic) voz\u00ed rodi\u010de osobn\u00edmi automobily nebo doj\u00ed\u017ed\u00ed autobusem.<\/p>\n\n\n\n<p>Na\u0161e \u0161kola funguje jako jeden celek \u2013 z\u00e1kladn\u00ed \u0161kola, mate\u0159sk\u00e1 \u0161kola i \u0161koln\u00ed dru\u017eina se vz\u00e1jemn\u011b dopl\u0148uj\u00ed a podporuj\u00ed. D\u00edky tomu se da\u0159\u00ed vytv\u00e1\u0159et p\u0159irozen\u00e9, p\u0159\u00e1telsk\u00e9 prost\u0159ed\u00ed, kde se \u017e\u00e1ci i d\u011bti u\u010d\u00ed nejen z u\u010debnic, ale p\u0159edev\u0161\u00edm ze \u017eivota kolem sebe. Velkou pozornost v\u011bnujeme spolupr\u00e1ci se z\u0159izovatelem, kter\u00fd je na\u0161\u00edm dlouhodob\u00fdm a spolehliv\u00fdm partnerem. Podpora ze strany obce je pro \u0161kolu z\u00e1sadn\u00ed \u2013 umo\u017e\u0148uje n\u00e1m rozv\u00edjet nejen provozn\u00ed z\u00e1zem\u00ed, ale tak\u00e9 \u0161koln\u00ed akce a projekty, kter\u00e9 spojuj\u00ed d\u011bti i \u017e\u00e1ky, rodi\u010de a ve\u0159ejnost. Stejn\u011b si v\u00e1\u017e\u00edme spolupr\u00e1ce s m\u00edstn\u00edmi spolky, organizacemi a jednotlivci, kte\u0159\u00ed s n\u00e1mi sd\u00edlej\u00ed chu\u0165 d\u011blat n\u011bco nav\u00edc. \u0160kola a komunita kolem n\u00ed tvo\u0159\u00ed pevn\u00e9 a \u017eiv\u00e9 spole\u010denstv\u00ed, kter\u00e9 dr\u017e\u00ed pohromad\u011b a navz\u00e1jem se podporuje.<\/p>\n\n\n\n<p>Z\u00e1kladn\u00ed \u0161kola a Mate\u0159sk\u00e1 \u0161kola se skl\u00e1d\u00e1 ze sou\u010d\u00e1st\u00ed mate\u0159sk\u00e1 \u0161kola, z\u00e1kladn\u00ed \u0161kola, \u0161koln\u00ed dru\u017eina a \u0161koln\u00ed j\u00eddelna. Provoz je zaji\u0161\u0165ov\u00e1n v budov\u00e1ch \u010d. p. 70 a \u010d.p. 216, P\u00edsa\u0159ov.<\/p>\n\n\n\n<p><strong>\u0160koln\u00ed vzd\u011bl\u00e1vac\u00ed program Z\u0160 \u201eU\u010d\u00edme se spolu\u201c a \u0159\u00e1dy \u0161koly najdete v\u00a0sekci <\/strong><a href=\"https:\/\/www.zspisarov.cz\/?page_id=187\" data-type=\"page\" data-id=\"187\">Dokumenty<\/a><\/p>\n\n\n\n<p><strong>Kontakty Z\u0160:<\/strong><\/p>\n\n\n\n<p>\u0158editel \u0161koly \u2013 Mgr. Ji\u0159\u00ed Pavlas, MBA<br>tel. 724 187\u00a0195<br>e-mail: zs.pisarov@email.cz<br>Z\u00e1kladn\u00ed \u0161kola &#8211; sborovna: 799 545 145<\/p>\n","protected":false},"excerpt":{"rendered":"<p>Na\u0161e \u0161kola je m\u00e1lot\u0159\u00eddn\u00ed z\u00e1kladn\u00ed \u0161kola poskytuj\u00edc\u00ed vzd\u011bl\u00e1v\u00e1n\u00ed \u017e\u00e1k\u016fm 1. stupn\u011b, tedy od 1. do 5. ro\u010dn\u00edku. Po\u010dtem \u017e\u00e1k\u016f se \u0159ad\u00ed mezi velmi mal\u00e9 \u0161koly, co\u017e v\u00fdznamn\u011b ovliv\u0148uje organizaci vzd\u011bl\u00e1v\u00e1n\u00ed i celkov\u00e9 klima \u0161koly. Mal\u00fd po\u010det \u017e\u00e1k\u016f vytv\u00e1\u0159\u00ed prost\u0159ed\u00ed bl\u00edzk\u00e9<\/p>\n","protected":false},"author":1,"featured_media":0,"parent":0,"menu_order":0,"comment_status":"closed","ping_status":"closed","template":"","meta":{"footnotes":""},"class_list":["post-177","page","type-page","status-publish","hentry"],"_links":{"self":[{"href":"https:\/\/www.zspisarov.cz\/index.php?rest_route=\/wp\/v2\/pages\/177","targetHints":{"allow":["GET"]}}],"collection":[{"href":"https:\/\/www.zspisarov.cz\/index.php?rest_route=\/wp\/v2\/pages"}],"about":[{"href":"https:\/\/www.zspisarov.cz\/index.php?rest_route=\/wp\/v2\/types\/page"}],"author":[{"embeddable":true,"href":"https:\/\/www.zspisarov.cz\/index.php?rest_route=\/wp\/v2\/users\/1"}],"replies":[{"embeddable":true,"href":"https:\/\/www.zspisarov.cz\/index.php?rest_route=%2Fwp%2Fv2%2Fcomments&post=177"}],"version-history":[{"count":3,"href":"https:\/\/www.zspisarov.cz\/index.php?rest_route=\/wp\/v2\/pages\/177\/revisions"}],"predecessor-version":[{"id":247,"href":"https:\/\/www.zspisarov.cz\/index.php?rest_route=\/wp\/v2\/pages\/177\/revisions\/247"}],"wp:attachment":[{"href":"https:\/\/www.zspisarov.cz\/index.php?rest_route=%2Fwp%2Fv2%2Fmedia&parent=177"}],"curies":[{"name":"wp","href":"https:\/\/api.w.org\/{rel}","templated":true}]}}